digit of 1059585?
1
What is the ten thousands digit of 132845?
3
What is the hundreds digit of 207619?
6
What is the units digit of 182758?
8
What is the millions digit of 1712206?
1
What is the millions digit of 1138906?
1
What is the millions digit of 1433608?
1
What is the hundred thousands digit of 25136703?
1
What is the hundred thousands digit of 4748440?
7
What is the ten thousands digit of 46954?
4
What is the hundred thousands digit of 189909?
1
What is the millions digit of 4348028?
4
What is the hundred thousands digit of 839285?
8
What is the ten thousands digit of 572189?
7
What is the units digit of 944543?
3
What is the hundreds digit of 1611335?
3
What is the ten thousands digit of 3288985?
8
What is the thousands digit of 1725881?
5
What is the ten thousands digit of 1241060?
4
What is the ten thousands digit of 118845?
1
What is the hundred thousands digit of 161461?
1
What is the ten thousands digit of 1250978?
5
What is the hundreds digit of 362963?
9
What is the units digit of 94483?
3
What is the tens digit of 552551?
5
What is the millions digit of 5611726?
5
What is the tens digit of 4098850?
5
What is the hundred thousands digit of 457389?
4
What is the hundred thousands digit of 383797?
3
What is the hundred thousands digit of 131065?
1
What is the hundreds digit of 1486390?
3
What is the hundreds digit of 1460291?
2
What is the hundreds digit of 3320157?
1
What is the hundreds digit of 2417915?
9
What is the tens digit of 6645192?
9
What is the hundreds digit of 850620?
6
What is the units digit of 17997935?
5
What is the thousands digit of 12548399?
8
What is the hundreds digit of 188858?
8
What is the tens digit of 1119438?
3
What is the units digit of 15668527?
7
What is the units digit of 322225?
5
What is the hundred thousands digit of 9553789?
5
What is the hundreds digit of 6810605?
6
What is the hundreds digit of 2906078?
0
What is the thousands digit of 82191?
2
What is the thousands digit of 10643315?
3
What is the millions digit of 9637188?
9
What is the ten thousands digit of 1096558?
9
What is the hundreds digit of 480749?
7
What is the hundreds digit of 8741?
7
What is the millions digit of 8341015?
8
What is the units digit of 492261?
1
What is the thousands digit of 19578645?
8
What is the hundred thousands digit of 15553007?
5
What is the hundred thousands digit of 1106791?
1
What is the hundred thousands digit of 2872675?
8
What is the thousands digit of 712149?
2
What is the hundred thousands digit of 836624?
8
What is the tens digit of 2348693?
9
What is the thousands digit of 1699927?
9
What is the millions digit of 1827322?
1
What is the ten thousands digit of 6788299?
8
What is the ten thousands digit of 1760465?
6
What is the hundreds digit of 8442062?
0
What is the units digit of 27073321?
1
What is the hundred thousands digit of 1732574?
7
What is the units digit of 9034994?
4
What is the millions digit of 3373489?
3
What is the tens digit of 15945520?
2
What is the ten millions digit of 15282343?
1
What is the hundreds digit of 1805439?
4
What is the thousands digit of 5414128?
4
What is the hundreds digit of 15477428?
4
What is the units digit of 210500?
0
What is the tens digit of 513459?
5
What is the tens digit of 693546?
4
What is the tens digit of 489713?
1
What is the hundreds digit of 2792117?
1
What is the ten thousands digit of 780999?
8
What is the ten thousands digit of 79261?
7
What is the thousands digit of 30820?
0
What is the tens digit of 2223863?
6
What is the thousands digit of 7204214?
4
What is the hundred thousands digit of 34525126?
5
What is the hundreds digit of 7462818?
8
What is the hundred thousands digit of 8035631?
0
What is the units digit of 17953262?
2
What is the units digit of 623795?
5
What is the ten thousands digit of 1139953?
3
What is the thousands digit of 5978?
5
What is the hundred thousands digit of 9005247?
0
What is the thousands digit of 17430774?
0
What is the thousands digit of 434617?
4
What is the thousands digit of 94622?
4
What is the tens digit of 983889?
8
What is the thousands digit of 50213?
0
What is the units digit of 16658951?
1
What is the millions digit of 1609724?
1
What is the units digit of 1104892?
2
What is the hundred thousands digit of 3712404?
7
What is the thousands digit of 14043433?
3
What is the ten thousands digit of 81812?
8
What is the ten thousands digit of 7654900?
5
What is the tens digit of 567882?
8
What is the ten millions digit of 24015737?
2
What is the thousands digit of 17753420?
3
What is the hundred thousands digit of 329411?
3
What is the tens digit of 2398309?
0
What is the hundred thousands digit of 26142272?
1
What is the tens digit of 472292?
9
What is the hundred thousands digit of 5124464?
1
What is the units digit of 1326835?
5
What is the hundreds digit of 1187871?
8
What is the thousands digit of 228665?
8
What is the hundred thousands digit of 6872056?
8
What is the hundred thousands digit of 3109217?
1
What is the ten thousands digit of 3011632?
1
What is the units digit of 199681?
1
What is the ten thousands digit of 452972?
5
What is the hundreds digit of 312120?
1
What is the ten thousands digit of 16695512?
9
What is the tens digit of 140902?
0
What is the thousands digit of 23393899?
3
What is the units digit of 3684874?
4
What is the hundreds digit of 1022707?
7
What is the units digit of 2622407?
7
What is the hundred thousands digit of 10063820?
0
What is the hundred thousands digit of 180735?
1
What is the hundreds digit of 3497285?
2
What is the ten thousands digit of 740119?
4
What is the units digit of 22433658?
8
What is the ten thousands digit of 6183949?
8
What is the ten thousands digit of 308083?
0
What is the hundreds digit of 1396120?
1
What is the tens digit of 71031?
3
What is the hundreds digit of 292696?
6
What is the units digit of 1051408?
8
What is the hundred thousands digit of 264746?
2
What is the hundred thousands digit of 251622?
2
What is the thousands digit of 451654?
1
What is the ten thousands digit of 161391?
6
What is the hundreds digit of 4511123?
1
What is the units digit of 922885?
5
What is the ten thousands digit of 847285?
4
What is the thousands digit of 6238573?
8
What is the units digit of 480088?
8
What is the hundreds digit of 102829?
8
What is the ten thousands digit of 2443051?
4
What is the units digit of 5677427?
7
What is the thousands digit of 1305497?
5
What is the thousands digit of 632512?
2
What is the tens digit of 8903662?
6
What is the tens digit of 236302?
0
What is the units digit of 1352?
2
What is the units digit of 391471?
1
What is the hundreds digit of 1489206?
2
What is the units digit of 316972?
2
What is the millions digit of 24800031?
4
What is the ten thousands digit of 162069?
6
What is the hundred thousands digit of 2898654?
8
What is the tens digit of 141039?
3
What is the ten thousands digit of 2349695?
4
What is the tens digit of 1542680?
8
What is the ten thousands digit of 32225200?
2
What is the hundreds digit of 21426438?
4
What is the ten thousands digit of 1559453?
5
What is the tens digit of 7439906?
0
What is the thousands digit of 4464688?
4
What is the ten millions digit of 19375443?
1
What is the thousands digit of 1416285?
6
What is the units digit of 292767?
7
What is the tens digit of 7139543?
4
What is the hundred thousands digit of 10382068?
3
What is the hundreds digit of 66173?
1
What is the hundreds digit of 932823?
8
What is the tens digit of 19427414?
1
What is the units digit of 44611?
1
What is the hundred thousands digit of 4530795?
5
What is the thousands digit of 56643?
6
What is the tens digit of 14724?
2
What is the hundreds digit of 1752684?
6
What is the hundreds digit of 685948?
9
What is the millions digit of 2548683?
2
What is the tens digit of 268959?
5
What is the units digit of 299313?
3
What is the thousands digit of 16298?
6
What is the hundred thousands digit of 6074787?
0
What is the millions digit of 1355827?
1
What is the units digit of 340524?
4
What is the thousands digit of 4816011?
6
What is the tens digit of 214945?
4
What is the hundreds digit of 362585?
5
What is the thousands digit of 302662?
2
What is the millions digit of 4368091?
4
What is the millions digit